{"id":409,"date":"2025-03-04T20:34:15","date_gmt":"2025-03-04T20:34:15","guid":{"rendered":"https:\/\/iseltec.com\/?page_id=409"},"modified":"2025-03-06T12:13:39","modified_gmt":"2025-03-06T12:13:39","slug":"chimpun","status":"publish","type":"page","link":"https:\/\/iseltec.com\/?page_id=409","title":{"rendered":"Chimp\u00fan"},"content":{"rendered":"\n<div class=\"wp-block-cover alignfull is-light wp-duotone-000000-0693e3-1\" style=\"border-radius:0px;margin-top:0;padding-top:48px;padding-right:48px;padding-bottom:48px;padding-left:48px;min-height:489px;aspect-ratio:unset;\"><span aria-hidden=\"true\" class=\"wp-block-cover__background has-background-dim-30 has-background-dim\" style=\"background-color:#78989e\"><\/span><img loading=\"lazy\" decoding=\"async\" width=\"1920\" height=\"1080\" class=\"wp-block-cover__image-background wp-image-413\" alt=\"\" src=\"https:\/\/iseltec.com\/wp-content\/uploads\/2025\/02\/chimpun_banner.png\" style=\"object-position:56% 8%\" data-object-fit=\"cover\" data-object-position=\"56% 8%\" srcset=\"https:\/\/iseltec.com\/wp-content\/uploads\/2025\/02\/chimpun_banner.png 1920w, https:\/\/iseltec.com\/wp-content\/uploads\/2025\/02\/chimpun_banner-300x169.png 300w, https:\/\/iseltec.com\/wp-content\/uploads\/2025\/02\/chimpun_banner-1024x576.png 1024w, https:\/\/iseltec.com\/wp-content\/uploads\/2025\/02\/chimpun_banner-768x432.png 768w, https:\/\/iseltec.com\/wp-content\/uploads\/2025\/02\/chimpun_banner-1536x864.png 1536w, https:\/\/iseltec.com\/wp-content\/uploads\/2025\/02\/chimpun_banner-600x338.png 600w\" sizes=\"auto, (max-width: 1920px) 100vw, 1920px\" \/><div class=\"wp-block-cover__inner-container is-layout-flow wp-container-core-cover-is-layout-0ee1a12e wp-block-cover-is-layout-flow\">\n<div class=\"wp-block-group alignwide has-global-padding is-layout-constrained wp-container-core-group-is-layout-105570a8 wp-block-group-is-layout-constrained\">\n<div style=\"height:5px\" aria-hidden=\"true\" class=\"wp-block-spacer\"><\/div>\n\n\n\n<figure class=\"wp-block-image aligncenter size-full is-resized\"><img loading=\"lazy\" decoding=\"async\" width=\"499\" height=\"335\" src=\"https:\/\/iseltec.com\/wp-content\/uploads\/2025\/02\/chimpun_logo_simple.png\" alt=\"\" class=\"wp-image-414\" style=\"width:456px;height:auto\" srcset=\"https:\/\/iseltec.com\/wp-content\/uploads\/2025\/02\/chimpun_logo_simple.png 499w, https:\/\/iseltec.com\/wp-content\/uploads\/2025\/02\/chimpun_logo_simple-300x201.png 300w\" sizes=\"auto, (max-width: 499px) 100vw, 499px\" \/><\/figure>\n\n\n\n<p class=\"has-text-align-center has-base-2-color has-text-color has-medium-font-size\"><strong><em>\u00a1El ritmo de la vida!<\/em><\/strong><\/p>\n\n\n\n<div style=\"height:13px\" aria-hidden=\"true\" class=\"wp-block-spacer\"><\/div>\n<\/div>\n\n\n\n<figure class=\"wp-block-image aligncenter size-full is-resized\"><img loading=\"lazy\" decoding=\"async\" width=\"509\" height=\"509\" src=\"https:\/\/iseltec.com\/wp-content\/uploads\/2023\/11\/windows-11-logo.png\" alt=\"\" class=\"wp-image-96\" style=\"width:59px;height:auto\" srcset=\"https:\/\/iseltec.com\/wp-content\/uploads\/2023\/11\/windows-11-logo.png 509w, https:\/\/iseltec.com\/wp-content\/uploads\/2023\/11\/windows-11-logo-300x300.png 300w, https:\/\/iseltec.com\/wp-content\/uploads\/2023\/11\/windows-11-logo-100x100.png 100w, https:\/\/iseltec.com\/wp-content\/uploads\/2023\/11\/windows-11-logo-150x150.png 150w\" sizes=\"auto, (max-width: 509px) 100vw, 509px\" \/><\/figure>\n<\/div><\/div>\n\n\n\n<div style=\"height:6px\" aria-hidden=\"true\" class=\"wp-block-spacer\"><\/div>\n\n\n\n<p class=\"has-text-align-center\" style=\"font-size:clamp(0.875rem, 0.875rem + ((1vw - 0.2rem) * 0.625), 1.25rem);\"><strong>Chimp\u00fan<\/strong> es un videojuego de <strong>ritmo<\/strong> en el que los jugadores conforman un grupo musical y dan a conocer su repertorio a lo largo de distintas localidades espa\u00f1olas.<\/p>\n\n\n\n<div style=\"height:11px\" aria-hidden=\"true\" class=\"wp-block-spacer\"><\/div>\n\n\n\n<figure class=\"wp-block-gallery alignwide has-nested-images columns-default is-cropped wp-block-gallery-2 is-layout-flex wp-block-gallery-is-layout-flex\">\n<figure class=\"wp-block-image size-large has-custom-border\"><img loading=\"lazy\" decoding=\"async\" width=\"1024\" height=\"621\" data-id=\"420\" src=\"https:\/\/iseltec.com\/wp-content\/uploads\/2025\/02\/chimpun_vitoria-1024x621.png\" alt=\"\" class=\"wp-image-420\" style=\"border-radius:13px\" srcset=\"https:\/\/iseltec.com\/wp-content\/uploads\/2025\/02\/chimpun_vitoria-1024x621.png 1024w, https:\/\/iseltec.com\/wp-content\/uploads\/2025\/02\/chimpun_vitoria-300x182.png 300w, https:\/\/iseltec.com\/wp-content\/uploads\/2025\/02\/chimpun_vitoria-768x466.png 768w, https:\/\/iseltec.com\/wp-content\/uploads\/2025\/02\/chimpun_vitoria-1536x932.png 1536w, https:\/\/iseltec.com\/wp-content\/uploads\/2025\/02\/chimpun_vitoria-600x364.png 600w, https:\/\/iseltec.com\/wp-content\/uploads\/2025\/02\/chimpun_vitoria.png 1572w\" sizes=\"auto, (max-width: 1024px) 100vw, 1024px\" \/><\/figure>\n\n\n\n<figure class=\"wp-block-image size-large has-custom-border\"><img loading=\"lazy\" decoding=\"async\" width=\"1024\" height=\"576\" data-id=\"416\" src=\"https:\/\/iseltec.com\/wp-content\/uploads\/2025\/02\/chimpun_vigo-1024x576.png\" alt=\"\" class=\"wp-image-416\" style=\"border-radius:13px\" srcset=\"https:\/\/iseltec.com\/wp-content\/uploads\/2025\/02\/chimpun_vigo-1024x576.png 1024w, https:\/\/iseltec.com\/wp-content\/uploads\/2025\/02\/chimpun_vigo-300x169.png 300w, https:\/\/iseltec.com\/wp-content\/uploads\/2025\/02\/chimpun_vigo-768x432.png 768w, https:\/\/iseltec.com\/wp-content\/uploads\/2025\/02\/chimpun_vigo-1536x864.png 1536w, https:\/\/iseltec.com\/wp-content\/uploads\/2025\/02\/chimpun_vigo-600x338.png 600w, https:\/\/iseltec.com\/wp-content\/uploads\/2025\/02\/chimpun_vigo.png 1920w\" sizes=\"auto, (max-width: 1024px) 100vw, 1024px\" \/><\/figure>\n<\/figure>\n\n\n\n<h3 class=\"wp-block-heading\">Acerca de la experiencia<\/h3>\n\n\n\n<figure class=\"wp-block-image size-large has-custom-border is-style-rounded is-style-rounded--3\"><img loading=\"lazy\" decoding=\"async\" width=\"1024\" height=\"576\" src=\"https:\/\/iseltec.com\/wp-content\/uploads\/2025\/02\/chimpun_sevilla-1024x576.png\" alt=\"\" class=\"wp-image-421\" style=\"border-radius:13px\" srcset=\"https:\/\/iseltec.com\/wp-content\/uploads\/2025\/02\/chimpun_sevilla-1024x576.png 1024w, https:\/\/iseltec.com\/wp-content\/uploads\/2025\/02\/chimpun_sevilla-300x169.png 300w, https:\/\/iseltec.com\/wp-content\/uploads\/2025\/02\/chimpun_sevilla-768x432.png 768w, https:\/\/iseltec.com\/wp-content\/uploads\/2025\/02\/chimpun_sevilla-1536x864.png 1536w, https:\/\/iseltec.com\/wp-content\/uploads\/2025\/02\/chimpun_sevilla-600x338.png 600w, https:\/\/iseltec.com\/wp-content\/uploads\/2025\/02\/chimpun_sevilla.png 1920w\" sizes=\"auto, (max-width: 1024px) 100vw, 1024px\" \/><\/figure>\n\n\n\n<p class=\"has-text-align-left\" style=\"margin-right:0;margin-left:0;font-size:clamp(0.875rem, 0.875rem + ((1vw - 0.2rem) * 0.625), 1.25rem);\">En Chimp\u00fan, los jugadores de todas las edades pondr\u00e1n sus <strong>reflejos, coordinaci\u00f3n y capacidades r\u00edtmicas<\/strong> a prueba en un entorno l\u00fadico y memorable:<br><br>\ud83c\udfb5 <strong>Obtendr\u00e1n fama dando conciertos en fiestas regionales<\/strong>. Las canciones reflejar\u00e1n un estilo musical popular de cada localidad.<br><br>\ud83d\udc83 <strong>Participar\u00e1n en minijuegos basados en tradiciones locales<\/strong>, como las fallas valencianas o el baile del chotis madrile\u00f1o.<br><br>\ud83e\udd1d <strong>Cooperar\u00e1n para obtener la mayor puntuaci\u00f3n posible<\/strong>, pues la puntuaci\u00f3n total es compartida entre todos los jugadores.<\/p>\n\n\n\n<div style=\"height:1px\" aria-hidden=\"true\" class=\"wp-block-spacer\"><\/div>\n\n\n\n<figure class=\"wp-block-image size-large has-custom-border is-style-rounded is-style-rounded--4\"><img loading=\"lazy\" decoding=\"async\" width=\"1024\" height=\"576\" src=\"https:\/\/iseltec.com\/wp-content\/uploads\/2025\/02\/chimpun_palmas-1024x576.png\" alt=\"\" class=\"wp-image-424\" style=\"border-radius:13px\" srcset=\"https:\/\/iseltec.com\/wp-content\/uploads\/2025\/02\/chimpun_palmas-1024x576.png 1024w, https:\/\/iseltec.com\/wp-content\/uploads\/2025\/02\/chimpun_palmas-300x169.png 300w, https:\/\/iseltec.com\/wp-content\/uploads\/2025\/02\/chimpun_palmas-768x432.png 768w, https:\/\/iseltec.com\/wp-content\/uploads\/2025\/02\/chimpun_palmas-1536x864.png 1536w, https:\/\/iseltec.com\/wp-content\/uploads\/2025\/02\/chimpun_palmas-600x338.png 600w, https:\/\/iseltec.com\/wp-content\/uploads\/2025\/02\/chimpun_palmas.png 1920w\" sizes=\"auto, (max-width: 1024px) 100vw, 1024px\" \/><\/figure>\n\n\n\n<p class=\"has-text-align-center\" style=\"margin-right:0;margin-left:0;font-size:clamp(0.875rem, 0.875rem + ((1vw - 0.2rem) * 0.625), 1.25rem);\"><\/p>\n\n\n\n<h3 class=\"wp-block-heading\">M\u00e1s all\u00e1 de un videojuego<\/h3>\n\n\n\n<figure class=\"wp-block-image size-large has-custom-border is-style-rounded is-style-rounded--5\"><img loading=\"lazy\" decoding=\"async\" width=\"1024\" height=\"703\" src=\"https:\/\/iseltec.com\/wp-content\/uploads\/2025\/03\/foto_jugando_chimpun-1024x703.jpeg\" alt=\"\" class=\"wp-image-430\" style=\"border-radius:13px\" srcset=\"https:\/\/iseltec.com\/wp-content\/uploads\/2025\/03\/foto_jugando_chimpun-1024x703.jpeg 1024w, https:\/\/iseltec.com\/wp-content\/uploads\/2025\/03\/foto_jugando_chimpun-300x206.jpeg 300w, https:\/\/iseltec.com\/wp-content\/uploads\/2025\/03\/foto_jugando_chimpun-768x527.jpeg 768w, https:\/\/iseltec.com\/wp-content\/uploads\/2025\/03\/foto_jugando_chimpun-1536x1055.jpeg 1536w, https:\/\/iseltec.com\/wp-content\/uploads\/2025\/03\/foto_jugando_chimpun-600x412.jpeg 600w, https:\/\/iseltec.com\/wp-content\/uploads\/2025\/03\/foto_jugando_chimpun.jpeg 2048w\" sizes=\"auto, (max-width: 1024px) 100vw, 1024px\" \/><\/figure>\n\n\n\n<p class=\"has-text-align-left\" style=\"font-size:clamp(0.875rem, 0.875rem + ((1vw - 0.2rem) * 0.625), 1.25rem);\"><strong>Chimp\u00fan <\/strong> ayuda a estimular las habilidades de psicomotricidad fina y cognitivas y fomenta el envejecimiento saludable.<\/p>\n\n\n\n<p class=\"has-text-align-left\" style=\"font-size:clamp(0.875rem, 0.875rem + ((1vw - 0.2rem) * 0.625), 1.25rem);\"><strong>Chimp\u00fan como herramienta socializadora <\/strong>premia a los jugadores cuanto mayor sean en n\u00famero (4 jugadores m\u00e1ximo), incitando las relaciones sociales y la cooperaci\u00f3n entre usuarios.<\/p>\n\n\n\n<p class=\"has-text-align-left\" style=\"font-size:clamp(0.875rem, 0.875rem + ((1vw - 0.2rem) * 0.625), 1.25rem);\"><strong>Chimp\u00fan  es un gran instrumento de difusi\u00f3n cultura<\/strong>l, en concreto de la m\u00fasica y de las tradiciones espa\u00f1olas.<\/p>\n\n\n\n<h3 class=\"wp-block-heading\">Accesibilidad<\/h3>\n\n\n\n<div class=\"wp-block-group is-content-justification-center is-nowrap is-layout-flex wp-container-core-group-is-layout-23441af8 wp-block-group-is-layout-flex\">\n<figure class=\"wp-block-image size-full is-resized wp-duotone-duotone-4\"><img loading=\"lazy\" decoding=\"async\" width=\"892\" height=\"509\" src=\"https:\/\/iseltec.com\/wp-content\/uploads\/2023\/11\/keyboard.png\" alt=\"\" class=\"wp-image-103\" style=\"width:145px;height:auto\" srcset=\"https:\/\/iseltec.com\/wp-content\/uploads\/2023\/11\/keyboard.png 892w, https:\/\/iseltec.com\/wp-content\/uploads\/2023\/11\/keyboard-600x342.png 600w, https:\/\/iseltec.com\/wp-content\/uploads\/2023\/11\/keyboard-300x171.png 300w, https:\/\/iseltec.com\/wp-content\/uploads\/2023\/11\/keyboard-768x438.png 768w\" sizes=\"auto, (max-width: 892px) 100vw, 892px\" \/><\/figure>\n\n\n\n<figure class=\"wp-block-image size-full is-resized wp-duotone-duotone-4\"><img loading=\"lazy\" decoding=\"async\" width=\"660\" height=\"399\" src=\"https:\/\/iseltec.com\/wp-content\/uploads\/2023\/11\/controller.png\" alt=\"\" class=\"wp-image-101\" style=\"width:127px;height:auto\" srcset=\"https:\/\/iseltec.com\/wp-content\/uploads\/2023\/11\/controller.png 660w, https:\/\/iseltec.com\/wp-content\/uploads\/2023\/11\/controller-600x363.png 600w, https:\/\/iseltec.com\/wp-content\/uploads\/2023\/11\/controller-300x181.png 300w\" sizes=\"auto, (max-width: 660px) 100vw, 660px\" \/><\/figure>\n\n\n\n<figure class=\"wp-block-image size-full is-resized wp-duotone-duotone-4\"><img loading=\"lazy\" decoding=\"async\" width=\"485\" height=\"498\" src=\"https:\/\/iseltec.com\/wp-content\/uploads\/2023\/11\/joystick.png\" alt=\"\" class=\"wp-image-100\" style=\"width:81px;height:auto\" srcset=\"https:\/\/iseltec.com\/wp-content\/uploads\/2023\/11\/joystick.png 485w, https:\/\/iseltec.com\/wp-content\/uploads\/2023\/11\/joystick-292x300.png 292w\" sizes=\"auto, (max-width: 485px) 100vw, 485px\" \/><\/figure>\n<\/div>\n\n\n\n<p style=\"font-size:clamp(0.875rem, 0.875rem + ((1vw - 0.2rem) * 0.625), 1.25rem);\">El juego est\u00e1 preparado para ser disfrutado con una gran <strong>variedad de controles<\/strong>: teclado, mando, Xbox Adaptive Controller, arcade stick&#8230;<\/p>\n\n\n\n<p class=\"has-text-align-left\" style=\"font-size:clamp(0.875rem, 0.875rem + ((1vw - 0.2rem) * 0.625), 1.25rem);\">Chimp\u00fan dispone de tres <strong>opciones individuales de dificultad<\/strong> para que cada usuario pueda ajustar la experiencia a su gusto. <\/p>\n\n\n\n<div style=\"height:13px\" aria-hidden=\"true\" class=\"wp-block-spacer\"><\/div>\n\n\n\n<div class=\"wp-block-group is-content-justification-center is-nowrap is-layout-flex wp-container-core-group-is-layout-23441af8 wp-block-group-is-layout-flex\">\n<figure class=\"wp-block-image size-large is-resized has-custom-border is-style-rounded is-style-rounded--6\"><img loading=\"lazy\" decoding=\"async\" width=\"1024\" height=\"576\" src=\"https:\/\/iseltec.com\/wp-content\/uploads\/2025\/02\/chimpun_banner-1024x576.png\" alt=\"\" class=\"wp-image-413\" style=\"border-radius:13px;width:499px;height:auto\" srcset=\"https:\/\/iseltec.com\/wp-content\/uploads\/2025\/02\/chimpun_banner-1024x576.png 1024w, https:\/\/iseltec.com\/wp-content\/uploads\/2025\/02\/chimpun_banner-300x169.png 300w, https:\/\/iseltec.com\/wp-content\/uploads\/2025\/02\/chimpun_banner-768x432.png 768w, https:\/\/iseltec.com\/wp-content\/uploads\/2025\/02\/chimpun_banner-1536x864.png 1536w, https:\/\/iseltec.com\/wp-content\/uploads\/2025\/02\/chimpun_banner-600x338.png 600w, https:\/\/iseltec.com\/wp-content\/uploads\/2025\/02\/chimpun_banner.png 1920w\" sizes=\"auto, (max-width: 1024px) 100vw, 1024px\" \/><\/figure>\n\n\n\n<figure class=\"wp-block-image size-large is-resized has-custom-border is-style-rounded is-style-rounded--7\"><img loading=\"lazy\" decoding=\"async\" width=\"1024\" height=\"576\" src=\"https:\/\/iseltec.com\/wp-content\/uploads\/2025\/02\/chimpun_map-1024x576.png\" alt=\"\" class=\"wp-image-426\" style=\"border-radius:13px;width:502px;height:auto\" srcset=\"https:\/\/iseltec.com\/wp-content\/uploads\/2025\/02\/chimpun_map-1024x576.png 1024w, https:\/\/iseltec.com\/wp-content\/uploads\/2025\/02\/chimpun_map-300x169.png 300w, https:\/\/iseltec.com\/wp-content\/uploads\/2025\/02\/chimpun_map-768x432.png 768w, https:\/\/iseltec.com\/wp-content\/uploads\/2025\/02\/chimpun_map-1536x864.png 1536w, https:\/\/iseltec.com\/wp-content\/uploads\/2025\/02\/chimpun_map-600x338.png 600w, https:\/\/iseltec.com\/wp-content\/uploads\/2025\/02\/chimpun_map.png 1920w\" sizes=\"auto, (max-width: 1024px) 100vw, 1024px\" \/><\/figure>\n<\/div>\n\n\n\n<div class=\"wp-block-group is-content-justification-center is-nowrap is-layout-flex wp-container-core-group-is-layout-b93cabc5 wp-block-group-is-layout-flex\">\n<figure class=\"wp-block-image size-large is-resized has-custom-border is-style-rounded is-style-rounded--8\"><img loading=\"lazy\" decoding=\"async\" width=\"1024\" height=\"576\" src=\"https:\/\/iseltec.com\/wp-content\/uploads\/2025\/02\/chimpun_sevilla_background-1024x576.png\" alt=\"\" class=\"wp-image-427\" style=\"border-radius:13px;width:528px;height:auto\" srcset=\"https:\/\/iseltec.com\/wp-content\/uploads\/2025\/02\/chimpun_sevilla_background-1024x576.png 1024w, https:\/\/iseltec.com\/wp-content\/uploads\/2025\/02\/chimpun_sevilla_background-300x169.png 300w, https:\/\/iseltec.com\/wp-content\/uploads\/2025\/02\/chimpun_sevilla_background-768x432.png 768w, https:\/\/iseltec.com\/wp-content\/uploads\/2025\/02\/chimpun_sevilla_background-1536x864.png 1536w, https:\/\/iseltec.com\/wp-content\/uploads\/2025\/02\/chimpun_sevilla_background-600x338.png 600w, https:\/\/iseltec.com\/wp-content\/uploads\/2025\/02\/chimpun_sevilla_background.png 1920w\" sizes=\"auto, (max-width: 1024px) 100vw, 1024px\" \/><\/figure>\n\n\n\n<figure class=\"wp-block-image size-large is-resized has-custom-border is-style-rounded is-style-rounded--9\"><img loading=\"lazy\" decoding=\"async\" width=\"1024\" height=\"576\" src=\"https:\/\/iseltec.com\/wp-content\/uploads\/2025\/02\/chimpun_valencia-1024x576.png\" alt=\"\" class=\"wp-image-428\" style=\"border-radius:13px;width:527px;height:auto\" srcset=\"https:\/\/iseltec.com\/wp-content\/uploads\/2025\/02\/chimpun_valencia-1024x576.png 1024w, https:\/\/iseltec.com\/wp-content\/uploads\/2025\/02\/chimpun_valencia-300x169.png 300w, https:\/\/iseltec.com\/wp-content\/uploads\/2025\/02\/chimpun_valencia-768x432.png 768w, https:\/\/iseltec.com\/wp-content\/uploads\/2025\/02\/chimpun_valencia-1536x864.png 1536w, https:\/\/iseltec.com\/wp-content\/uploads\/2025\/02\/chimpun_valencia-600x338.png 600w, https:\/\/iseltec.com\/wp-content\/uploads\/2025\/02\/chimpun_valencia.png 1920w\" sizes=\"auto, (max-width: 1024px) 100vw, 1024px\" \/><\/figure>\n<\/div>\n\n\n\n<div style=\"height:70px\" aria-hidden=\"true\" class=\"wp-block-spacer\"><\/div>\n\n\n\n<h3 class=\"wp-block-heading\">Ficha t\u00e9cnica<\/h3>\n\n\n\n<ul class=\"wp-block-list\">\n<li><strong>Idiomas disponibles<\/strong>: Gallego, espa\u00f1ol, ingl\u00e9s, franc\u00e9s.<\/li>\n\n\n\n<li><strong>Plataforma<\/strong>: Windows.<\/li>\n\n\n\n<li><strong>Almacenamiento<\/strong>: 2 GB de almacenamiento libre.<\/li>\n\n\n\n<li><strong>Controles<\/strong>: Teclado, rat\u00f3n, mando, Xbox Adaptive Controller, Control de voz, pantallas t\u00e1ctiles.<\/li>\n\n\n\n<li><strong>M\u00e1ximo 4 jugadores<\/strong>.<\/li>\n<\/ul>\n\n\n\n<p><strong>Actividad subvencionada por el Ministerio de Cultura<\/strong><\/p>\n\n\n\n<figure class=\"wp-block-image size-large\"><img loading=\"lazy\" decoding=\"async\" width=\"1024\" height=\"95\" src=\"https:\/\/iseltec.com\/wp-content\/uploads\/2024\/04\/logos-1024x95.jpg\" alt=\"\" class=\"wp-image-362\" srcset=\"https:\/\/iseltec.com\/wp-content\/uploads\/2024\/04\/logos-1024x95.jpg 1024w, https:\/\/iseltec.com\/wp-content\/uploads\/2024\/04\/logos-300x28.jpg 300w, https:\/\/iseltec.com\/wp-content\/uploads\/2024\/04\/logos-768x71.jpg 768w, https:\/\/iseltec.com\/wp-content\/uploads\/2024\/04\/logos-1536x142.jpg 1536w, https:\/\/iseltec.com\/wp-content\/uploads\/2024\/04\/logos-600x55.jpg 600w, https:\/\/iseltec.com\/wp-content\/uploads\/2024\/04\/logos.jpg 1938w\" sizes=\"auto, (max-width: 1024px) 100vw, 1024px\" \/><\/figure>\n","protected":false},"excerpt":{"rendered":"<p>Chimp\u00fan es un videojuego de ritmo en el que los jugadores conforman un grupo musical y dan a conocer su repertorio a lo largo de distintas localidades espa\u00f1olas. Acerca de la experiencia En Chimp\u00fan, los jugadores de todas las edades pondr\u00e1n sus reflejos, coordinaci\u00f3n y capacidades r\u00edtmicas a prueba en un entorno l\u00fadico y memorable: [&hellip;]<\/p>\n","protected":false},"author":2,"featured_media":0,"parent":0,"menu_order":0,"comment_status":"closed","ping_status":"closed","template":"","meta":{"footnotes":""},"class_list":["post-409","page","type-page","status-publish","hentry"],"_links":{"self":[{"href":"https:\/\/iseltec.com\/index.php?rest_route=\/wp\/v2\/pages\/409","targetHints":{"allow":["GET"]}}],"collection":[{"href":"https:\/\/iseltec.com\/index.php?rest_route=\/wp\/v2\/pages"}],"about":[{"href":"https:\/\/iseltec.com\/index.php?rest_route=\/wp\/v2\/types\/page"}],"author":[{"embeddable":true,"href":"https:\/\/iseltec.com\/index.php?rest_route=\/wp\/v2\/users\/2"}],"replies":[{"embeddable":true,"href":"https:\/\/iseltec.com\/index.php?rest_route=%2Fwp%2Fv2%2Fcomments&post=409"}],"version-history":[{"count":13,"href":"https:\/\/iseltec.com\/index.php?rest_route=\/wp\/v2\/pages\/409\/revisions"}],"predecessor-version":[{"id":444,"href":"https:\/\/iseltec.com\/index.php?rest_route=\/wp\/v2\/pages\/409\/revisions\/444"}],"wp:attachment":[{"href":"https:\/\/iseltec.com\/index.php?rest_route=%2Fwp%2Fv2%2Fmedia&parent=409"}],"curies":[{"name":"wp","href":"https:\/\/api.w.org\/{rel}","templated":true}]}}