{"id":84,"date":"2023-11-02T13:04:51","date_gmt":"2023-11-02T13:04:51","guid":{"rendered":"https:\/\/web2023.iseltec.com\/?page_id=84"},"modified":"2025-02-09T10:57:55","modified_gmt":"2025-02-09T10:57:55","slug":"apasino","status":"publish","type":"page","link":"https:\/\/iseltec.com\/?page_id=84","title":{"rendered":"Apasi\u00f1o"},"content":{"rendered":"\n<div class=\"wp-block-cover alignfull is-light wp-duotone-000000-0693e3-1\" style=\"border-radius:0px;margin-top:0;padding-top:48px;padding-right:48px;padding-bottom:48px;padding-left:48px;min-height:489px;aspect-ratio:unset;\"><span aria-hidden=\"true\" class=\"wp-block-cover__background has-background-dim-30 has-background-dim\"><\/span><img loading=\"lazy\" decoding=\"async\" width=\"1928\" height=\"2560\" class=\"wp-block-cover__image-background wp-image-90\" alt=\"\" src=\"https:\/\/iseltec.com\/wp-content\/uploads\/2023\/11\/1687154309669-scaled.jpg\" style=\"object-position:52% 47%\" data-object-fit=\"cover\" data-object-position=\"52% 47%\" srcset=\"https:\/\/iseltec.com\/wp-content\/uploads\/2023\/11\/1687154309669-scaled.jpg 1928w, https:\/\/iseltec.com\/wp-content\/uploads\/2023\/11\/1687154309669-scaled-600x797.jpg 600w, https:\/\/iseltec.com\/wp-content\/uploads\/2023\/11\/1687154309669-226x300.jpg 226w, https:\/\/iseltec.com\/wp-content\/uploads\/2023\/11\/1687154309669-771x1024.jpg 771w, https:\/\/iseltec.com\/wp-content\/uploads\/2023\/11\/1687154309669-768x1020.jpg 768w, https:\/\/iseltec.com\/wp-content\/uploads\/2023\/11\/1687154309669-1157x1536.jpg 1157w, https:\/\/iseltec.com\/wp-content\/uploads\/2023\/11\/1687154309669-1542x2048.jpg 1542w\" sizes=\"auto, (max-width: 1928px) 100vw, 1928px\" \/><div class=\"wp-block-cover__inner-container is-layout-flow wp-container-core-cover-is-layout-0ee1a12e wp-block-cover-is-layout-flow\">\n<div class=\"wp-block-group alignwide has-global-padding is-layout-constrained wp-container-core-group-is-layout-105570a8 wp-block-group-is-layout-constrained\">\n<div style=\"height:34px\" aria-hidden=\"true\" class=\"wp-block-spacer\"><\/div>\n\n\n\n<figure class=\"wp-block-image size-large\"><img loading=\"lazy\" decoding=\"async\" width=\"1024\" height=\"224\" src=\"https:\/\/iseltec.com\/wp-content\/uploads\/2023\/11\/logo_apasinho-1024x224.png\" alt=\"\" class=\"wp-image-38\" srcset=\"https:\/\/iseltec.com\/wp-content\/uploads\/2023\/11\/logo_apasinho-1024x224.png 1024w, https:\/\/iseltec.com\/wp-content\/uploads\/2023\/11\/logo_apasinho-600x131.png 600w, https:\/\/iseltec.com\/wp-content\/uploads\/2023\/11\/logo_apasinho-300x66.png 300w, https:\/\/iseltec.com\/wp-content\/uploads\/2023\/11\/logo_apasinho-768x168.png 768w, https:\/\/iseltec.com\/wp-content\/uploads\/2023\/11\/logo_apasinho-1536x336.png 1536w, https:\/\/iseltec.com\/wp-content\/uploads\/2023\/11\/logo_apasinho.png 2000w\" sizes=\"auto, (max-width: 1024px) 100vw, 1024px\" \/><\/figure>\n\n\n\n<p class=\"has-text-align-center has-base-2-color has-text-color has-medium-font-size\"><strong><em>\u00a1Caminante no hay camino!<\/em><\/strong><\/p>\n\n\n\n<div style=\"height:34px\" aria-hidden=\"true\" class=\"wp-block-spacer\"><\/div>\n\n\n\n<figure class=\"wp-block-image aligncenter size-full is-resized\"><img loading=\"lazy\" decoding=\"async\" width=\"673\" height=\"392\" src=\"https:\/\/iseltec.com\/wp-content\/uploads\/2023\/11\/android.png\" alt=\"\" class=\"wp-image-92\" style=\"aspect-ratio:1.7168367346938775;width:69px;height:auto\" srcset=\"https:\/\/iseltec.com\/wp-content\/uploads\/2023\/11\/android.png 673w, https:\/\/iseltec.com\/wp-content\/uploads\/2023\/11\/android-600x349.png 600w, https:\/\/iseltec.com\/wp-content\/uploads\/2023\/11\/android-300x175.png 300w\" sizes=\"auto, (max-width: 673px) 100vw, 673px\" \/><\/figure>\n<\/div>\n<\/div><\/div>\n\n\n\n<p><strong>Apasi\u00f1o <\/strong>es un videojuego para dispositivos m\u00f3viles Android que fomenta la actividad f\u00edsica entre las personas mayores.<\/p>\n\n\n\n<h3 class=\"wp-block-heading\">\u00a1Buen camino! <span class=\"efont\" id=\"copy-emoji\">\ud83d\udeb6\u200d\u2640\ufe0f<\/span>\ud83d\udeb6\u200d\u2642\ufe0f<\/h3>\n\n\n\n<p>Lleva tu m\u00f3vil en el bolsillo mientras juegas a Apasi\u00f1o para que <strong>cuente los pasos que caminas<\/strong>.<\/p>\n\n\n\n<p>\u00a1Tu objetivo es caminar lo suficiente para todas las etapas hasta conseguir llegar a Santiago de Compostela!<\/p>\n\n\n\n<h3 class=\"wp-block-heading\">Descubre Galicia<\/h3>\n\n\n\n<p>Cada vez que completes una etapa, <strong>podr\u00e1s descubrir informaci\u00f3n sobre el pueblo al que has llegado<\/strong>. Sus lugares emblem\u00e1ticos, sus tradiciones mas famosas, y su cultura.<\/p>\n\n\n\n<p><em>Adem\u00e1is, Apasi\u00f1o p\u00f3dese xogar en galego!<\/em><\/p>\n\n\n\n<figure class=\"wp-block-gallery alignwide has-nested-images columns-default is-cropped wp-block-gallery-2 is-layout-flex wp-block-gallery-is-layout-flex\">\n<figure class=\"wp-block-image size-large has-custom-border\"><img loading=\"lazy\" decoding=\"async\" width=\"561\" height=\"998\" data-id=\"229\" src=\"https:\/\/iseltec.com\/wp-content\/uploads\/2023\/11\/walking-1.jpg\" alt=\"\" class=\"wp-image-229\" style=\"border-radius:13px\" srcset=\"https:\/\/iseltec.com\/wp-content\/uploads\/2023\/11\/walking-1.jpg 561w, https:\/\/iseltec.com\/wp-content\/uploads\/2023\/11\/walking-1-169x300.jpg 169w\" sizes=\"auto, (max-width: 561px) 100vw, 561px\" \/><\/figure>\n\n\n\n<figure class=\"wp-block-image size-large has-custom-border\"><img loading=\"lazy\" decoding=\"async\" width=\"562\" height=\"1000\" data-id=\"233\" src=\"https:\/\/iseltec.com\/wp-content\/uploads\/2023\/11\/arriving.jpg\" alt=\"\" class=\"wp-image-233\" style=\"border-radius:13px\" srcset=\"https:\/\/iseltec.com\/wp-content\/uploads\/2023\/11\/arriving.jpg 562w, https:\/\/iseltec.com\/wp-content\/uploads\/2023\/11\/arriving-169x300.jpg 169w\" sizes=\"auto, (max-width: 562px) 100vw, 562px\" \/><\/figure>\n\n\n\n<figure class=\"wp-block-image size-large has-custom-border\"><img loading=\"lazy\" decoding=\"async\" width=\"561\" height=\"998\" data-id=\"230\" src=\"https:\/\/iseltec.com\/wp-content\/uploads\/2023\/11\/customize.jpg\" alt=\"\" class=\"wp-image-230\" style=\"border-radius:13px\" srcset=\"https:\/\/iseltec.com\/wp-content\/uploads\/2023\/11\/customize.jpg 561w, https:\/\/iseltec.com\/wp-content\/uploads\/2023\/11\/customize-169x300.jpg 169w\" sizes=\"auto, (max-width: 561px) 100vw, 561px\" \/><\/figure>\n\n\n\n<figure class=\"wp-block-image size-large has-custom-border\"><img loading=\"lazy\" decoding=\"async\" width=\"561\" height=\"998\" data-id=\"231\" src=\"https:\/\/iseltec.com\/wp-content\/uploads\/2023\/11\/conchas.jpg\" alt=\"\" class=\"wp-image-231\" style=\"border-radius:13px\" srcset=\"https:\/\/iseltec.com\/wp-content\/uploads\/2023\/11\/conchas.jpg 561w, https:\/\/iseltec.com\/wp-content\/uploads\/2023\/11\/conchas-169x300.jpg 169w\" sizes=\"auto, (max-width: 561px) 100vw, 561px\" \/><\/figure>\n\n\n\n<figure class=\"wp-block-image size-large has-custom-border\"><img loading=\"lazy\" decoding=\"async\" width=\"561\" height=\"998\" data-id=\"234\" src=\"https:\/\/iseltec.com\/wp-content\/uploads\/2023\/11\/walking-night-2.jpg\" alt=\"\" class=\"wp-image-234\" style=\"border-radius:13px\" srcset=\"https:\/\/iseltec.com\/wp-content\/uploads\/2023\/11\/walking-night-2.jpg 561w, https:\/\/iseltec.com\/wp-content\/uploads\/2023\/11\/walking-night-2-169x300.jpg 169w\" sizes=\"auto, (max-width: 561px) 100vw, 561px\" \/><\/figure>\n\n\n\n<figure class=\"wp-block-image size-large has-custom-border\"><img loading=\"lazy\" decoding=\"async\" width=\"561\" height=\"998\" data-id=\"232\" src=\"https:\/\/iseltec.com\/wp-content\/uploads\/2023\/11\/ojoavizor.jpg\" alt=\"\" class=\"wp-image-232\" style=\"border-radius:13px\" srcset=\"https:\/\/iseltec.com\/wp-content\/uploads\/2023\/11\/ojoavizor.jpg 561w, https:\/\/iseltec.com\/wp-content\/uploads\/2023\/11\/ojoavizor-169x300.jpg 169w\" sizes=\"auto, (max-width: 561px) 100vw, 561px\" \/><\/figure>\n<\/figure>\n\n\n\n<h3 class=\"wp-block-heading\">Ficha t\u00e9cnica<\/h3>\n\n\n\n<ul class=\"wp-block-list\">\n<li><strong>Idiomas disponibles<\/strong>: Gallego, espa\u00f1ol, ingl\u00e9s.<\/li>\n\n\n\n<li><strong>Plataforma<\/strong>: Android.<\/li>\n\n\n\n<li><strong>Almacenamiento<\/strong>: 100 MB de almacenamiento.<\/li>\n<\/ul>\n","protected":false},"excerpt":{"rendered":"<p>Apasi\u00f1o es un videojuego para dispositivos m\u00f3viles Android que fomenta la actividad f\u00edsica entre las personas mayores. \u00a1Buen camino! \ud83d\udeb6\u200d\u2640\ufe0f\ud83d\udeb6\u200d\u2642\ufe0f Lleva tu m\u00f3vil en el bolsillo mientras juegas a Apasi\u00f1o para que cuente los pasos que caminas. \u00a1Tu objetivo es caminar lo suficiente para todas las etapas hasta conseguir llegar a Santiago de Compostela! Descubre [&hellip;]<\/p>\n","protected":false},"author":1,"featured_media":0,"parent":0,"menu_order":0,"comment_status":"closed","ping_status":"closed","template":"","meta":{"footnotes":""},"class_list":["post-84","page","type-page","status-publish","hentry"],"_links":{"self":[{"href":"https:\/\/iseltec.com\/index.php?rest_route=\/wp\/v2\/pages\/84","targetHints":{"allow":["GET"]}}],"collection":[{"href":"https:\/\/iseltec.com\/index.php?rest_route=\/wp\/v2\/pages"}],"about":[{"href":"https:\/\/iseltec.com\/index.php?rest_route=\/wp\/v2\/types\/page"}],"author":[{"embeddable":true,"href":"https:\/\/iseltec.com\/index.php?rest_route=\/wp\/v2\/users\/1"}],"replies":[{"embeddable":true,"href":"https:\/\/iseltec.com\/index.php?rest_route=%2Fwp%2Fv2%2Fcomments&post=84"}],"version-history":[{"count":11,"href":"https:\/\/iseltec.com\/index.php?rest_route=\/wp\/v2\/pages\/84\/revisions"}],"predecessor-version":[{"id":241,"href":"https:\/\/iseltec.com\/index.php?rest_route=\/wp\/v2\/pages\/84\/revisions\/241"}],"wp:attachment":[{"href":"https:\/\/iseltec.com\/index.php?rest_route=%2Fwp%2Fv2%2Fmedia&parent=84"}],"curies":[{"name":"wp","href":"https:\/\/api.w.org\/{rel}","templated":true}]}}